{"id":251,"date":"2025-02-23T11:29:29","date_gmt":"2025-02-23T10:29:29","guid":{"rendered":"https:\/\/www.ucf42.com\/vega\/?page_id=251"},"modified":"2025-02-23T13:49:57","modified_gmt":"2025-02-23T12:49:57","slug":"pour-courir","status":"publish","type":"page","link":"https:\/\/www.ucf42.com\/vega\/pour-courir\/","title":{"rendered":"Pour courir"},"content":{"rendered":"\n<p>Pour courir, il faut choisir une f\u00e9d\u00e9ration, prendre une licence, s&rsquo;inscrire sur une course et p\u00e9daler . Les quelques liens ci-dessous vous indiqueront comment arriver sur la ligne de d\u00e9part (apr\u00e8s, c&rsquo;est \u00e0 vous de jouer) !<\/p>\n\n\n\n<h2 class=\"wp-block-heading\">FFC (F\u00e9d\u00e9ration Fran\u00e7aise de Cyclisme)<\/h2>\n\n\n\n<figure class=\"wp-block-table\"><table class=\"has-fixed-layout\"><tbody><tr><td>FFC<\/td><td><a href=\"http:\/\/www.ffc.fr\" target=\"_blank\" rel=\"noreferrer noopener nofollow\">http:\/\/www.ffc.fr<\/a><\/td><\/tr><tr><td>Votre espace coureur sera ici :<\/td><td><a href=\"https:\/\/licence.ffc.fr\/\">h<\/a><a href=\"https:\/\/licence.ffc.fr\/\" target=\"_blank\" rel=\"noreferrer noopener nofollow\">ttps:\/\/licence.ffc.fr\/<\/a><\/td><\/tr><tr><td>Comit\u00e9 Auvergne-Rh\u00f4ne Alpes<\/td><td><a href=\"https:\/\/www.auvergnerhonealpescyclisme.com\/\" target=\"_blank\" rel=\"noreferrer noopener nofollow\">https:\/\/www.auvergnerhonealpescyclisme.com\/<\/a><\/td><\/tr><tr><td>Calendrier des courses sur route FFC Auvergne-Rh\u00f4ne Alpes<\/td><td><a href=\"https:\/\/www.auvergnerhonealpescyclisme.com\/route\/calendrier\">https:\/\/www.auvergnerhonealpescyclisme.com\/route\/calendrier<\/a><\/td><\/tr><tr><td>Comit\u00e9 LOIRE<\/td><td><a href=\"https:\/\/cdffc42.fr\/\">https:\/\/cdffc42.fr\/<\/a><\/td><\/tr><\/tbody><\/table><\/figure>\n\n\n\n<h2 class=\"wp-block-heading\">FSGT (F\u00e9d\u00e9ration Sportive et Gymnique du Travail)<\/h2>\n\n\n\n<figure class=\"wp-block-table\"><table class=\"has-fixed-layout\"><tbody><tr><td>FSGT<\/td><td><a href=\"http:\/\/www.fsgt.org\" target=\"_blank\" rel=\"noreferrer noopener nofollow\">https:\/\/www.fsgt.org<\/a><\/td><\/tr><tr><td>FSGT-Comit\u00e9 National des Activit\u00e9s V\u00e9lo<\/td><td><a href=\"https:\/\/www.cnav-club.com\/\" target=\"_blank\" rel=\"noreferrer noopener nofollow\">https:\/\/www.cnav-club.com\/<\/a><\/td><\/tr><tr><td>Votre espace coureur sera ici :<\/td><td><a href=\"https:\/\/monespace.fsgt.org\/auth\/login\">h<\/a><a href=\"https:\/\/monespace.fsgt.org\/auth\/login\" target=\"_blank\" rel=\"noreferrer noopener nofollow\">ttps:\/\/monespace.fsgt.org\/auth\/login<\/a><\/td><\/tr><tr><td>FSGT-Comit\u00e9 LOIRE : site web<\/td><td><a href=\"https:\/\/www.fsgt42.com\" target=\"_blank\" rel=\"noreferrer noopener nofollow\">https:\/\/www.fsgt42.com<\/a><br><\/td><\/tr><tr><td>FSGT-Comit\u00e9 LOIRE : facebook<\/td><td><a href=\"https:\/\/www.facebook.com\/Fsgt42cylisme\" target=\"_blank\" rel=\"noreferrer noopener nofollow\">https:\/\/www.facebook.com\/Fsgt42cylisme<\/a><\/td><\/tr><tr><td>Liste de courses FSGT dans la LOIRE et les classements<\/td><td><a href=\"https:\/\/fsgt42.com\/cyclisme\/index.php?annee=2025\" target=\"_blank\" rel=\"noreferrer noopener nofollow\">https:\/\/fsgt42.com\/cyclisme\/index.php?annee=2025<\/a><\/td><\/tr><tr><td>Liste des coureurs FSGT dans la LOIRE et leurs r\u00e9sultats<\/td><td><a href=\"https:\/\/fsgt42.com\/cyclisme\/index.php?annee=2025&amp;page=listecoureurs\" target=\"_blank\" rel=\"noreferrer noopener nofollow\">https:\/\/fsgt42.com\/cyclisme\/index.php?annee=2025&amp;page=listecoureurs<\/a><\/td><\/tr><\/tbody><\/table><\/figure>\n\n\n\n<h2 class=\"wp-block-heading\">FFH (F\u00e9d\u00e9ration Fran\u00e7aise Handisport)<\/h2>\n\n\n\n<figure class=\"wp-block-table\"><table class=\"has-fixed-layout\"><tbody><tr><td>FFH<\/td><td><a href=\"https:\/\/www.handisport.org\/\">h<\/a><a href=\"https:\/\/www.handisport.org\/\" target=\"_blank\" rel=\"noreferrer noopener nofollow\">ttps:\/\/www.handisport.org\/<\/a><\/td><\/tr><tr><td>FFH-paracyclisme<\/td><td><a href=\"https:\/\/www.paracyclisme-handisport.fr\/\">https:\/\/www.paracyclisme-handisport.fr\/<\/a><\/td><\/tr><tr><td>FFH-Calendrier paracyclisme<\/td><td><a href=\"https:\/\/www.paracyclisme-handisport.fr\/calendrier\/\" target=\"_blank\" rel=\"noreferrer noopener nofollow\">https:\/\/www.paracyclisme-handisport.fr\/calendrier\/<\/a><\/td><\/tr><tr><td>Saint Etienne Handisport (avec qui nous organisations les journ\u00e9es cyclistes de Veachette)<\/td><td><a href=\"https:\/\/st-etienne-handisport.com\/blog\/\">https:\/\/st-etienne-handisport.com\/blog\/<\/a><\/td><\/tr><\/tbody><\/table><\/figure>\n\n\n\n<h2 class=\"wp-block-heading\">Autres calendriers<\/h2>\n\n\n\n<p>Autrefois incontournables, ces 2 sites gardent encore des visiteurs et nous y annon\u00e7ons nos courses<\/p>\n\n\n\n<figure class=\"wp-block-table\"><table class=\"has-fixed-layout\"><tbody><tr><td>Le cyclisme en Roannais<\/td><td><a href=\"http:\/\/www.cyclenro.com\/\" target=\"_blank\" rel=\"noreferrer noopener nofollow\">http:\/\/www.cyclenro.com\/<\/a><\/td><\/tr><tr><td>amivelo &#8211; le cyclisme amateur<\/td><td><a href=\"https:\/\/www.cyclisme-amateur.com\/\" target=\"_blank\" rel=\"noreferrer noopener nofollow\">https:\/\/www.cyclisme-amateur.com\/<\/a><\/td><\/tr><\/tbody><\/table><\/figure>\n\n\n\n<p><\/p>\n","protected":false},"excerpt":{"rendered":"<p>Pour courir, il faut choisir une f\u00e9d\u00e9ration, prendre une licence, s&rsquo;inscrire sur une course et p\u00e9daler . Les quelques liens ci-dessous vous indiqueront comment arriver sur la ligne de d\u00e9part (apr\u00e8s, c&rsquo;est \u00e0 vous de jouer) ! FFC (F\u00e9d\u00e9ration Fran\u00e7aise de Cyclisme) FFC http:\/\/www.ffc.fr Votre espace coureur sera ici : https:\/\/licence.ffc.fr\/ Comit\u00e9 Auvergne-Rh\u00f4ne Alpes https:\/\/www.auvergnerhonealpescyclisme.com\/ [&hellip;]<\/p>\n","protected":false},"author":2,"featured_media":0,"parent":0,"menu_order":0,"comment_status":"closed","ping_status":"closed","template":"","meta":{"footnotes":""},"class_list":["post-251","page","type-page","status-publish","czr-hentry"],"_links":{"self":[{"href":"https:\/\/www.ucf42.com\/vega\/wp-json\/wp\/v2\/pages\/251","targetHints":{"allow":["GET"]}}],"collection":[{"href":"https:\/\/www.ucf42.com\/vega\/wp-json\/wp\/v2\/pages"}],"about":[{"href":"https:\/\/www.ucf42.com\/vega\/wp-json\/wp\/v2\/types\/page"}],"author":[{"embeddable":true,"href":"https:\/\/www.ucf42.com\/vega\/wp-json\/wp\/v2\/users\/2"}],"replies":[{"embeddable":true,"href":"https:\/\/www.ucf42.com\/vega\/wp-json\/wp\/v2\/comments?post=251"}],"version-history":[{"count":5,"href":"https:\/\/www.ucf42.com\/vega\/wp-json\/wp\/v2\/pages\/251\/revisions"}],"predecessor-version":[{"id":264,"href":"https:\/\/www.ucf42.com\/vega\/wp-json\/wp\/v2\/pages\/251\/revisions\/264"}],"wp:attachment":[{"href":"https:\/\/www.ucf42.com\/vega\/wp-json\/wp\/v2\/media?parent=251"}],"curies":[{"name":"wp","href":"https:\/\/api.w.org\/{rel}","templated":true}]}}